{"id":355,"date":"2026-03-27T22:31:12","date_gmt":"2026-03-27T22:31:12","guid":{"rendered":"https:\/\/radioatalaya.net\/?page_id=355"},"modified":"2026-03-30T16:09:38","modified_gmt":"2026-03-30T21:09:38","slug":"quienes-somos","status":"publish","type":"page","link":"https:\/\/radioatalaya.net\/?page_id=355","title":{"rendered":"Qui\u00e9nes Somos"},"content":{"rendered":"\n<p><strong>Sistema de Emisoras Atalaya <strong>cumpli\u00f3 80 a\u00f1os<\/strong><\/strong> de actividad ininterrumpida, con una amplia programaci\u00f3n de toda la actividad deportiva de opini\u00f3n y noticias. \u00a1Hoy Atalaya sigue ocupando los primeros lugares en la sinton\u00eda de los radio escuchas del Ecuador!<\/p>\n\n\n\n<div class=\"wp-block-stackable-columns stk-block-columns stk-block stk-9fde47a\" data-block-id=\"9fde47a\"><div class=\"stk-row stk-inner-blocks stk-block-content stk-content-align stk-9fde47a-column\">\n<div class=\"wp-block-stackable-column stk-block-column stk-column stk-block stk-e690734\" data-v=\"4\" data-block-id=\"e690734\"><div class=\"stk-column-wrapper stk-block-column__content stk-container stk-e690734-container stk--no-background stk--no-padding\"><div class=\"stk-block-content stk-inner-blocks stk-e690734-inner-blocks\">\n<div class=\"wp-block-stackable-columns alignfull stk-block-columns stk-block stk-e2c12a1\" data-block-id=\"e2c12a1\"><style>.stk-e2c12a1-column{justify-content:center !important;}<\/style><div class=\"stk-row stk-inner-blocks has-text-align-left stk-block-content stk-content-align stk-e2c12a1-column stk--flex\">\n<div class=\"wp-block-stackable-column stk-block-column stk-column stk-block stk-c992bc2\" data-v=\"4\" data-block-id=\"c992bc2\"><style>@media screen and (min-width: 768px){.stk-c992bc2 {flex:var(--stk-flex-grow, 1) 1 calc(54% - var(--stk-column-gap, 0px) * 1 \/ 2 ) !important;}}<\/style><div class=\"stk-column-wrapper stk-block-column__content stk-container stk-c992bc2-container stk--no-background stk--no-padding\"><div class=\"has-text-align-center stk-block-content stk-inner-blocks stk-c992bc2-inner-blocks\">\n<figure class=\"wp-block-image size-full is-resized\"><img fetchpriority=\"high\" decoding=\"async\" width=\"445\" height=\"294\" src=\"https:\/\/radioatalaya.net\/wp-content\/uploads\/2026\/03\/ING.-ANDRES-MENDOZA-1.jpg\" alt=\"\" class=\"wp-image-551\" style=\"aspect-ratio:1;object-fit:cover;width:484px;height:auto\" srcset=\"https:\/\/radioatalaya.net\/wp-content\/uploads\/2026\/03\/ING.-ANDRES-MENDOZA-1.jpg 445w, https:\/\/radioatalaya.net\/wp-content\/uploads\/2026\/03\/ING.-ANDRES-MENDOZA-1-300x198.jpg 300w\" sizes=\"(max-width: 445px) 100vw, 445px\" \/><\/figure>\n<\/div><\/div><\/div>\n\n\n\n<div class=\"wp-block-stackable-column stk-block-column stk-column stk-block stk-428caf9\" data-v=\"4\" data-block-id=\"428caf9\"><style>@media screen and (min-width: 768px){.stk-428caf9 {flex:var(--stk-flex-grow, 1) 1 calc(46% - var(--stk-column-gap, 0px) * 1 \/ 2 ) !important;}}<\/style><div class=\"stk-column-wrapper stk-block-column__content stk-container stk-428caf9-container stk--no-background stk--no-padding\"><div class=\"stk-block-content stk-inner-blocks stk-428caf9-inner-blocks\">\n<div class=\"wp-block-stackable-subtitle stk-block-subtitle stk-block stk-fa5807c\" data-block-id=\"fa5807c\"><p class=\"stk-block-subtitle__text stk-subtitle\">Don Voltaire Paladines Polo, fue el creador de este grupo radial en 1944 y con su visi\u00f3n de experimentado radio difusor y empresario lo transform\u00f3 r\u00e1pidamente en la n\u00famero uno del pa\u00eds.<\/p><\/div>\n\n\n\n<p>Durante 80 a\u00f1os de labor, hemos cubierto los Mundiales de F\u00fatbol desde el mundial Alemania 1974, Argentina 1978, Espa\u00f1a 1982, M\u00e9xico 1986, Italia 1990, Estados Unidos 1994, Francia 1998, Corea Jap\u00f3n 2002, Alemania 2006, Sud\u00e1frica 2010, Brasil 2014, y desde ya en los partidos preparatorios de la Tricolor rumbo al mundial Rusia 2018.<\/p>\n\n\n\n<p>Los Eventos internacionales, los hechos relevantes y de importancia nacional e internacional que han dado la vuelta al mundo, han sido transmitidos por las ondas radiales de RADIO ATALAYA 680 AM, con sus corresponsales en los puntos estrat\u00e9gicos donde se vivi\u00f3 la noticia para llevar a sus hogares la informaci\u00f3n veraz y fidedigna, con la responsabilidad y compromiso que ha caracterizado a nuestro medio desde sus inicios como Radiodifusora Plurinacional e Independiente.<\/p>\n\n\n\n<p>Durante estas siete d\u00e9cadas en Radio Atalaya, han desfilado las voces m\u00e1s importantes de la radiodifusi\u00f3n nacional. En la actualidad contamos con un plantel altamente competitivo comandado por el Ing. Andr\u00e9s Mendoza Paladines, Lcdo. Julio Ayala Serra, Soc. Stal\u00edn Poveda, Lcdo. Fernando Aguayo, Lcdo. Rafael Cuesta, Lcdo. Rodolfo Baquerizo Blum, Ab. Alfonso Harb, Lcdo. Joaqu\u00edn L\u00f3pez, Lcdo. Alcides Montilla, Lcdo. Andr\u00e9s Zambrano, Lcdo. Agust\u00edn Guevara, ( Memorables radiodifusores ya extintos ) Ab. Roberto Rom\u00e1n Valencia, Guillermo Valencia Le\u00f3n, Ab. Bobby Berm\u00fadez, Ecuador Mart\u00ednez, Enrique Vega Ruilova, entre otros.<\/p>\n<\/div><\/div><\/div>\n<\/div><\/div>\n<\/div><\/div><\/div>\n<\/div><\/div>\n\n\n\n<p><\/p>\n","protected":false},"excerpt":{"rendered":"<p>Sistema de Emisoras Atalaya cumpli\u00f3 80 a\u00f1os de actividad ininterrumpida, con una amplia programaci\u00f3n de toda la actividad deportiva de opini\u00f3n y noticias. \u00a1Hoy Atalaya sigue ocupando los primeros lugares en la sinton\u00eda de los radio escuchas del Ecuador! Don Voltaire Paladines Polo, fue el creador de este grupo radial en 1944 y con su [&hellip;]<\/p>\n","protected":false},"author":1,"featured_media":0,"parent":0,"menu_order":0,"comment_status":"closed","ping_status":"closed","template":"","meta":{"footnotes":""},"class_list":["post-355","page","type-page","status-publish","hentry"],"rttpg_featured_image_url":null,"rttpg_author":{"display_name":"admin","author_link":"https:\/\/radioatalaya.net\/?author=1"},"rttpg_comment":0,"rttpg_category":null,"rttpg_excerpt":"Sistema de Emisoras Atalaya cumpli\u00f3 80 a\u00f1os de actividad ininterrumpida, con una amplia programaci\u00f3n de toda la actividad deportiva de opini\u00f3n y noticias. \u00a1Hoy Atalaya sigue ocupando los primeros lugares en la sinton\u00eda de los radio escuchas del Ecuador! Don Voltaire Paladines Polo, fue el creador de este grupo radial en 1944 y con su&hellip;","_links":{"self":[{"href":"https:\/\/radioatalaya.net\/index.php?rest_route=\/wp\/v2\/pages\/355","targetHints":{"allow":["GET"]}}],"collection":[{"href":"https:\/\/radioatalaya.net\/index.php?rest_route=\/wp\/v2\/pages"}],"about":[{"href":"https:\/\/radioatalaya.net\/index.php?rest_route=\/wp\/v2\/types\/page"}],"author":[{"embeddable":true,"href":"https:\/\/radioatalaya.net\/index.php?rest_route=\/wp\/v2\/users\/1"}],"replies":[{"embeddable":true,"href":"https:\/\/radioatalaya.net\/index.php?rest_route=%2Fwp%2Fv2%2Fcomments&post=355"}],"version-history":[{"count":7,"href":"https:\/\/radioatalaya.net\/index.php?rest_route=\/wp\/v2\/pages\/355\/revisions"}],"predecessor-version":[{"id":556,"href":"https:\/\/radioatalaya.net\/index.php?rest_route=\/wp\/v2\/pages\/355\/revisions\/556"}],"wp:attachment":[{"href":"https:\/\/radioatalaya.net\/index.php?rest_route=%2Fwp%2Fv2%2Fmedia&parent=355"}],"curies":[{"name":"wp","href":"https:\/\/api.w.org\/{rel}","templated":true}]}}